465 composite?
True
Is 4531 a prime number?
False
Is 2963777 a prime number?
True
Is 10211 a prime number?
True
Is 3827 composite?
True
Is 116719 a composite number?
False
Is 37369 composite?
False
Is 5147 a composite number?
False
Is 589969 composite?
True
Is 367427 prime?
True
Is 131 a composite number?
False
Is 162335 composite?
True
Is 23869 prime?
True
Is 7499 a prime number?
True
Is 33247 a composite number?
False
Is 1361 a composite number?
False
Is 39671 a composite number?
False
Is 12333 composite?
True
Is 442439 composite?
False
Is 24317 composite?
False
Is 169199 a prime number?
True
Is 21269 composite?
False
Is 1201909 a prime number?
True
Is 150287 prime?
True
Is 150295 prime?
False
Is 323431 a composite number?
True
Is 2221 composite?
False
Is 4751 a composite number?
False
Is 9677 a composite number?
False
Is 14137 composite?
True
Is 296941 a prime number?
True
Is 295 a composite number?
True
Is 70589 a composite number?
False
Is 22027 a prime number?
True
Is 101051 a prime number?
True
Is 16469 a prime number?
False
Is 266753 a composite number?
True
Is 40861 composite?
True
Is 1131626 a prime number?
False
Is 5351 prime?
True
Is 1220917 prime?
True
Is 3331 a composite number?
False
Is 254621 prime?
False
Is 499819 composite?
False
Is 181666 composite?
True
Is 277787 a prime number?
True
Is 744599 composite?
False
Is 6227 a prime number?
False
Is 174569 a prime number?
True
Is 10369 a prime number?
True
Is 9287 prime?
False
Is 36989 a composite number?
True
Is 635515 composite?
True
Is 372971 a prime number?
True
Is 77177 a prime number?
False
Is 20477 prime?
True
Is 24257 prime?
False
Is 22521 a composite number?
True
Is 2164003 a prime number?
True
Is 8243693 composite?
False
Is 340369 a prime number?
True
Is 161431 a prime number?
False
Is 230017 prime?
True
Is 7613 a prime number?
False
Is 10301 a prime number?
True
Is 31677 a prime number?
False
Is 249217 a composite number?
False
Is 180731 composite?
False
Is 4399 a prime number?
False
Is 134471 a composite number?
False
Is 2463 a composite number?
True
Is 4143 prime?
False
Is 111091 prime?
True
Is 25111 a composite number?
False
Is 893 a prime number?
False
Is 7921 composite?
True
Is 246227 prime?
False
Is 6341 composite?
True
Is 134471 composite?
False
Is 397441 a prime number?
False
Is 60355 composite?
True
Is 29927 a composite number?
False
Is 3991 prime?
False
Is 1949 composite?
False
Is 30487 prime?
False
Is 13171 a prime number?
True
Is 1332391 prime?
False
Is 9327 composite?
True
Is 188323 a composite number?
False
Is 3733 composite?
False
Is 70561 a prime number?
False
Is 22207 composite?
True
Is 283181 a prime number?
True
Is 1042819 a composite number?
False
Is 36973 a prime number?
True
Is 159017 composite?
False
Is 1793 a prime number?
False
Is 106801 prime?
True
Is 28333 composite?
True
Is 2741 a prime number?
True
Is 127 a composite number?
False
Is 23783 a prime number?
False
Is 1061 composite?
False
Is 26521 a composite number?
True
Is 924337 a prime number?
True
Is 134941 prime?
False
Is 64133 prime?
False
Is 34807 a composite number?
False
Is 27791 composite?
False
Is 3901 composite?
True
Is 294703 prime?
True
Is 249181 prime?
True
Is 95695 prime?
False
Is 272591 composite?
True
Is 135331 a prime number?
False
Is 309299 a composite number?
True
Is 6883 a composite number?
False
Is 230467 a prime number?
True
Is 13047 composite?
True
Is 3189 prime?
False
Is 7621 composite?
False
Is 27043 a prime number?
True
Is 5999 composite?
True
Is 19653 prime?
False
Is 9719 a composite number?
False
Is 213293 a composite number?
True
Is 316011 a prime number?
False
Is 9101 a composite number?
True
Is 49559 a composite number?
False
Is 28477 a prime number?
True
Is 1410511 a composite number?
True
Is 2339861 prime?
True
Is 24253 prime?
False
Is 108565 prime?
False
Is 130301 composite?
True
Is 28873 a prime number?
False
Is 1361 a composite number?
False
Is 36463 a composite number?
True
Is 423977 a composite number?
False
Is 3683 a composite number?
True
Is 198811 composite?
False
Is 6119 a prime number?
False
Is 5429 a composite number?
True
Is 8621 prime?
False
Is 169729 a prime number?
False
Is 37229 composite?
True
Is 136877 a prime number?
False
Is 166043 prime?
True
Is 67843 a prime number?
True
Is 5263 a composite number?
True
Is 18037 composite?
True
Is 307391 a prime number?
False
Is 13597 a composite number?
False
Is 60793 a composite number?
False
Is 256729 composite?
True
Is 95063 a composite number?
False
Is 6599 a prime number?
True
Is 5017 prime?
False
Is 6007 composite?
False
Is 25957 prime?
False
Is 6999 prime?
False
Is 312441 a composite number?
True
Is 6805 a prime number?
False
Is 70601 a composite number?
True
Is 133847 a composite number?
True
Is 190387 a composite number?
False
Is 1010109 a prime number?
False
Is 5069 prime?
False
Is 363829 a prime number?
True
Is 110057 a composite number?
True
Is 723183 prime?
False
Is 95365 a prime number?
False
Is 5495717 composite?
False
Is 23741 a prime number?
True
Is 402199 a prime number?
False
Is 285433 a prime number?
True
Is 15901 a prime number?
True
Is 132019 a prime number?
True
Is 64231 a composite number?
False
Is 159337 prime?
True
Is 78005 a prime number?
False
Is 194 a composite number?
True
Is 5209 a composite number?
False
Is 21787 prime?
True
Is 97107 a composite number?
True
Is 16369 prime?
True
Is 186437 a prime number?
True
Is 64667 prime?
True
Is 46723 a prime number?
True
Is 751943 a prime number?
True
Is 2429 a composite number?
True
Is 37 composite?
False
Is 53563 prime?
False
Is 1067 prime?
False
Is 608459 a composite number?
False
Is 131561 a composite number?
False
Is 19567 prime?
False
Is 502 a composite number?
True
Is 23099 a prime number?
True
Is 1621 prime?
True
Is 2237451 prime?
False
Is 373138 a prime number?
False
Is 48439 prime?
False
Is 991 composite?
False
Is 15419 a prime number?
False
Is 61291 a prime number?
True
Is 111 a composite number?
True
Is 1116613 composite?
True
Is 933643 prime?
True
Is 27439 a prime number?
False
Is 7003509 composite?
True
Is 33979 a prime number?
False
Is 1250539 a prime number?
False
Is 111467 a prime number?
True
Is 4393 prime?
False
Is 1017539 composite?
False
Is 495249 a composite number?
True
Is 946453 a composite number?
False
Is 329713 a prime number?
False
Is 201883 prime?
False
Is 33527 prime?
False
Is 2939935 composite?
True
Is 61511 prime?
True
Is 31531 composite?
False
Is 91187 a prime number?
False
Is 3707 prime?
False
Is 3491 prime?
True
Is 5261 a prime number?
True
Is 12197 prime?
True
Is 386059 a prime number?
False
Is 100333 a composite number?
False
Is 4143 a composite number?
True
Is 182617 a prime number?
True
Is 4678 a composite number?
True
Is 6607 composite?
False
Is 20095 prime?
False
Is 12471 prime?
False
Is 15937 a composite number?
False
Is 16571 a composite number?
True
Is 18201 a composite number?
True
Is 54101 a prime number?
True
Is 2101 composite?
True
Is 346583 composite?
True
Is 42587 prime?
False
Is 13963 composite?
False
Is 10667 composite?
False
Is 99457 a composite number?
True
Is 2767 a composite number?
False
Is 29917 a prime number?
True
Is 1361 a prime number?
True
Is 210439 composite?
True
Is 130337 prime?
True
Is 1727 a composite number?
True
Is 58039 a composite number?
True
Is 21598 a composite number?
True
Is 28511 prime?
False
Is 13309 a composite number?
False
Is 1107569 a prime number?
True
Is 93173 a prime number?
False
Is 199309 composite?
True
Is 2238091 a prime number?
True
Is 26309 prime?
True
Is 235093 prime?
False
Is 107611 prime?
False
Is 108789 a composite number?
True
Is 5519 a composite number?
False
Is 30133 a prime number?
True
Is 11027 a composite number?
False
Is 61597 a composite number?
True
Is 5737 composite?
False
Is 41759 a composite number?
False
Is 9573 a composite number?
True
Is 2590397 prime?
True
Is 623 composite?
True
Is 61223 a prime number?
True
Is 24223 prime?
True
Is 12631 a composite number?
True
Is 3989 composite?
False
Is 24143 a prime number?
False
Is 1084591 a prime number?
False
Is 1883857 prime?
True
Is 59667 composite?
True
Is 23417 prime?
True
Is 86891 a prime number?
False
Is 298723 prime?
True
Is 225143 a composite number?
False
Is 43481 prime